8*s**3/3 - 9. Let b(z) be the third derivative of x(z). Determine b(-6).
6
Let v be (-3 - -1)/((-16)/48). Suppose -a + v = 12. Let d(o) be the third derivative of -o**6/120 - 7*o**5/60 - o**4/6 + 7*o**3/6 + 2*o**2. Calculate d(a).
-5
Let f(p) = p**3 + 3*p**2 - 5*p - 4. Let a(y) = 7*y - 7*y + y + 10. Suppose -15 = 5*l + 50. Let g be a(l). Determine f(g).
11
Let u(c) = -9*c - 3. Let g(r) be the third derivative of -13/12*r**4 - 3/2*r**3 - 5*r**2 + 0*r + 0. Let n(d) = -4*g(d) + 11*u(d). Calculate n(-2).
-7
Let l(t) = t**3 - 6*t**2 - 1. Let u(m) = 3*m + 16. Let z be u(-6). Let a(w) = 2*w**3 - 7*w**2 + w - 1. Let x(k) = z*a(k) + 3*l(k). Give x(-4).
7
Let p(l) = -l + 1. Let c(r) = 10 + 34 + r**2 - 17*r + 19*r + 24*r. Let j be c(-24). Give p(j).
5
Let w(x) = -x**2 + 4*x - 1. Let a(f) be the first derivative of 5*f**4/4 - f**3/3 - f**2/2 + 2*f + 7. Let d be a(1). Calculate w(d).
-6
Let t(b) = -11*b - 12. Let u(x) = -2*x - 2. Let g(l) = t(l) - 4*u(l). Let f(h) be the second derivative of -h**3/6 + h**2/2 + h. Let o be f(4). Determine g(o).
5
Let a(q) = -q - 8. Suppose 33*j - 17*j + 48 = 0. Give a(j).
-5
Suppose -h - 5*l + 7 = 0, 2*l = 3*h + 4*l - 8. Let v(a) = -6*a - a - a**h - 1 - 6. Give v(-5).
3
Suppose -5*r - 13 = -4*v, 0*r = 3*v + 4*r - 2. Suppose -i = -s - 2, -s = 3*i - v*i. Let q(l) = -l**2 - i - 6*l + 4 + 2*l - 1. What is q(-6)?
-10
Let x(i) = 20*i - 202. Let r(o) = -12*o + 117. Let l(g) = 12*r(g) + 7*x(g). Calculate l(-6).
14
Let f(h) = -3*h + 5. Let j be f(1). Let k be 19/j + 30/(-12). Let t(x) = -x**3 + 7*x**2 + x. Calculate t(k).
7
Let b(o) = o**2 - 6*o - 217. Let c be b(18). Let j(p) = 39*p**2 - 3*p - 2. Give j(c).
40
Suppose 4*p - 2*j - 4 = 0, 5*p - 5*j = p - 2. Let s(m) = 1 - p*m - m - 2*m. Let k(h) = 9*h - 1. Let r(i) = -2*k(i) - 5*s(i). What is r(2)?
11
Let g(k) be the third derivative of 1/6*k**3 + 0 + 0*k + 1/12*k**4 + 9*k**2. What is g(-1)?
-1
Let p be 5/15*6*3. Suppose -f - p + 2 = -s, 2*f = -4*s + 16. Let h(a) = a**2 - 6*a - 5. Let v(r) = -r**2 + 7*r + 5. Let n(l) = 6*h(l) + 5*v(l). Give n(f).
-5
Let p(w) = -w**3 + 3*w**2 + 5*w + 2. Let u(b) = -b - 13. Let q be u(-6). Let l = -3 - q. Give p(l).
6
Let p be ((-3)/2)/((-37)/148). Let v(c) = -c**2 + 4*c + 2. Give v(p).
-10
Let o = 368 - 366. Suppose 3*z + 3*n = 3, -5*n + 4*n = 3*z - 7. Let q(t) = 3*t - 8 - 6 - o*t + z. Give q(9).
-2
Let i(d) = -67 - 67 - 70 + 209 + 4*d + 0*d. Calculate i(-8).
-27
Suppose -2*x = -6*x - y + 3, 4*x = -4*y - 12. Let o(u) = 3*u**2 + u. Calculate o(x).
14
Let x(o) = -16*o**2 + 13*o - 8. Let z(g) = 9*g**2 - 7*g + 4. Let t(q) = -4*x(q) - 7*z(q). Calculate t(3).
4
Let w(s) be the first derivative of -3/2*s**2 + 3 + 1/4*s**4 - s**3 - 5*s. Let j = 5 + -1. Give w(j).
-1
Let p(q) = 37852*q + q**3 - 8 - 37850*q + 36. Give p(0).
28
Let z(l) = -l**3 + 6*l**2 - l - 4. Let a be 5*6/15 + 1. Suppose -2*d = 3*h - 5, -2*d + 41 = a*d - 2*h. Let y = d - 1. Calculate z(y).
-10
Suppose 2*s - 2*w = -2*s + 24, 0 = s + 3*w - 6. Let t(f) = 5*f + s - 7*f + 3*f. What is t(-5)?
1
Let k(y) = -8*y. Let x(t) = -t**2 + 18*t + 51. Let j be x(20). Suppose -8*v - 3 = -j*v. Determine k(v).
-8
Let w(y) be the second derivative of -y**5/20 + y**4/4 + y**2/2 + 2*y + 19. Calculate w(4).
-15
Let u(i) be the second derivative of i**5/20 - 4*i**4/3 - 3*i**3 + 12*i**2 + 2*i - 117. What is u(17)?
7
Let x(o) = -2*o**2 - 2*o - 3. Suppose 9*g + 36 = 5*g. Let b = g + 7. Give x(b).
-7
Let g(j) = -22*j**2 - 50*j - 31. Let s(b) = -5*b**2 - b + 1. Let i(w) = g(w) - 4*s(w). What is i(-22)?
9
Let q(z) = -z**2 + 8*z - 2. Let r be q(7). Let c(k) be the first derivative of k**4/4 - 2*k**3 + 3*k**2 + 4*k + 3. Determine c(r).
9
Let y(m) = 19*m**2 + 1. Let q(r) = -r**2 - 5*r + 85. Let d be q(-12). What is y(d)?
20
Let q(m) be the first derivative of -3*m + 54 - 1/2*m**2. What is q(-3)?
0
Let k(z) be the second derivative of -4*z**3/3 + z**2 - 148*z + 1. Calculate k(2).
-14
Let q(f) = f**3 - 7*f**2 - 9*f + 4. Let j(h) = 4*h + 4 + 0*h**2 - 9*h**2 + 8*h**2. Let v be j(2). What is q(v)?
-4
Let z(x) = -10*x + 82. Let c(k) = 2*k - 15. Let d(m) = 11*c(m) + 2*z(m). Let a be 9/2*(-2)/(-3). Give d(a).
5
Let a(t) = 35 - 64 - 4*t - t**3 - 7*t**2 + 26. What is a(-4)?
-35
Let f(z) be the third derivative of 0*z + 0 + 1/4*z**4 + 7*z**2 - 1/60*z**5 - 7/6*z**3. Calculate f(5).
-2
Let c(z) be the second derivative of 2*z**3/3 + z**2 + 75*z. Calculate c(-7).
-26
Suppose 0 = 5*i + 10 - 30. Let t(n) = -3 + 0*n**3 - i*n**2 + 6 + n**3. Let x be (-16)/10 + 5 + 36/60. What is t(x)?
3
Let u(z) = z**2 - 3*z. Let c = -84 + 89. Determine u(c).
10
Let z(q) be the first derivative of -6 + 0*q + 1/2*q**2 + 1/4*q**4 + 2/3*q**3. Calculate z(-2).
-2
Let k(w) be the third derivative of w**4/24 + 3*w**2 - 17*w. Calculate k(0).
0
Let y be (5/(-5))/(-1) + 3. Let o(s) = -s + 10. Let g be o(y). Let u(v) = v - 8. Calculate u(g).
-2
Let o be 1 - 4 - (-360)/60. Let u(l) be the third derivative of 0 - o*l**2 + 0*l - 1/6*l**4 + 1/6*l**3 + 1/60*l**5. Determine u(4).
1
Let i(g) = -g - 1. Let a = -164 - -94. Let n be 98/a - (-6)/(-10). Determine i(n).
1
Let j(n) = n**3 - 3*n**2 - 3*n + 3. Suppose 5*z + 2*y = 2*z + 2, -6 = -4*z - 2*y. Suppose 0 = l - z, k = -0*k + l - 1. Calculate j(k).
-6
Let u(k) be the third derivative of -k**6/120 + k**5/20 - k**4/24 - k**3/3 - 11*k**2. Calculate u(2).
0
Let d(q) be the second derivative of -q**7/840 + q**6/72 + q**5/24 + 7*q**4/24 - 7*q**3/6 - 16*q. Let m(s) be the second derivative of d(s). Calculate m(6).
1
Let d(b) = 28*b + 9*b**3 - 37*b + 10*b**3 - 25*b**3 + 12 + 9*b**2 + 7*b**3. Determine d(-10).
2
Let s(f) = f**3 - 3*f**2 - 1. Let v be s(3). Let o(r) be the third derivative of 0*r + 0*r**3 + 0*r**5 + 1/24*r**4 + 0 - 2*r**2 + 1/24*r**6. What is o(v)?
-6
Suppose 36*t - 33 = 33*t. Let q(v) = 2*v - 20. What is q(t)?
2
Suppose 0*k = -3*t - 3*k + 42, t - 2 = 5*k. Suppose 7*g - 11*g - t = 0. Let u(s) = -2*s**3 - 4*s**2 - s - 3. Determine u(g).
18
Suppose 33 = -27*b - 21. Let i(c) = -c + 3 - 2 - 4. Give i(b).
-1
Let w(g) = g. Let r be w(2). Let j(h) = -h + 11 - 3*h - 4 + h**r. What is j(5)?
12
Let z(g) = g**2 - 3*g - 13470 + 13471 - 2*g**2. Determine z(0).
1
Let u(t) be the first derivative of 7*t**3/3 - t + 19. Let b be (-2)/4 - 12/(-8). What is u(b)?
6
Let m = 1693 + -1676. Let a(s) = -3*s + 51. Calculate a(m).
0
Let a(d) = -27*d + 17. Let z(l) = 5*l - 3. Let s(n) = -2*a(n) - 11*z(n). What is s(4)?
-5
Let x(m) = 4*m**2 + 5*m + 14. Let y(r) = -7*r**2 - 5*r - 28. Let o(u) = -5*x(u) - 3*y(u). Give o(8).
-2
Let h(g) = -g + 8. Let i be 45/(-5)*(-1)/3. Suppose -2*j = 3*r + 15, 0*r - r + 6 = -i*j. Let w be (-4 + 3)*(j - 2). What is h(w)?
3
Let r(h) = h**3 - 65*h - 1. Let v be r(-8). Let x(s) = -s**2 + 8*s + 1. Give x(v).
8
Let m(j) = 244*j - 119*j - 123*j + 15. Determine m(-7).
1
Let i(q) = -13*q + 42*q - 13*q - 12*q + 1. What is i(1)?
5
Let t(m) = 2*m - 1. Suppose 17*d - 4 = 15*d. Let g(f) = 6 + f**3 + 3*f**2 - 4*f**d + 2*f - 4 - 3*f**2. Let o be g(2). What is t(o)?
-5
Suppose 4*x - 4*z + 8 - 4 = 0, -10 = -2*x + 5*z. Let r(s) = -5*s - 6. What is r(x)?
19
Let c(m) = 6*m**2 - 9*m - 7. Let x(f) = 3*f**2 - 4*f - 3. Let v(t) = 3*c(t) - 7*x(t). Suppose -2*a + 24 = 4*j + 8, -2*a + 2 = -3*j. Determine v(j).
-10
Let a(n) be the first derivative of -5 + n - 7/2*n**2. Let p(w) = w**3 - w**2 + 2*w - 1. Let q be p(1). Calculate a(q).
-6
Suppose c + 8 = -0*c. Let k(s) = -4*s**2 - 7 + 7659*s + 0 + 3*s**2 - 7667*s. Calculate k(c).
-7
Let s be -7*(11 - 10) - -8 - (6 + -2). Suppose 0*y - 14 = y - 3*j, 0 = -j + 5. Let a(q) = y - q - 3*q + 5*q. Give a(s).
-2
Let x(j) = 2*j + 1. Let v be x(1). Let t(a) = 3 + 13*a**v + 2*a + 2*a - 12*a**3 + 4*a**2. Let c = 30 + -33. What is t(c)?
0
Let x(r) be the first derivative of r**4/4 + r**3/6 + r**2/2 - 13*r + 9. Let h(o) be the first derivative of x(o). Determine h(-2).
11
Suppose 3 = -q + v - 1, 0 = -2*q - 4*v + 22. Let j(w) = -19*w + 1. What is j(q)?
-18
Let l(u) = u**3 + 4*u**2 - u + 3. Let k(i) = -2*i**3 - 9*i**2 + 2*i - 7. Let v(z) = 4*k(z) + 9*l(z). Let a = -25 + 28. Suppose a + 5 = -8*w. Calculate v(w).
-1
Let r(f) = 109*f**3 - 52*f**3 - 56*f**3 - 3*f**2 + f - 12 - 8*f**2. What is r(11)?
-1
Let w(f) be the first derivative of -f**4/4 + 4*f**3 - 7*f - 1. Determine w(12).
-7
Let l be -18*(1/(-2))/1. Let